ime factors of 34028.
2, 47, 181
What are the prime factors of 29197?
7, 43, 97
List the prime factors of 22790.
2, 5, 43, 53
List the prime factors of 13620.
2, 3, 5, 227
List the prime factors of 2321.
11, 211
List the prime factors of 10492.
2, 43, 61
What are the prime factors of 178248?
2, 3, 7, 1061
What are the prime factors of 43868?
2, 11, 997
What are the prime factors of 6013?
7, 859
What are the prime factors of 67556?
2, 16889
What are the prime factors of 7937?
7937
What are the prime factors of 9587?
9587
What are the prime factors of 17950?
2, 5, 359
What are the prime factors of 1509?
3, 503
What are the prime factors of 3631?
3631
List the prime factors of 6346.
2, 19, 167
List the prime factors of 551.
19, 29
What are the prime factors of 1336?
2, 167
What are the prime factors of 6116?
2, 11, 139
List the prime factors of 1030.
2, 5, 103
List the prime factors of 3956.
2, 23, 43
List the prime factors of 121.
11
List the prime factors of 5271.
3, 7, 251
List the prime factors of 12338.
2, 31, 199
What are the prime factors of 6720?
2, 3, 5, 7
What are the prime factors of 242?
2, 11
List the prime factors of 238.
2, 7, 17
List the prime factors of 13243.
17, 19, 41
List the prime factors of 6056.
2, 757
What are the prime factors of 1174?
2, 587
List the prime factors of 6381.
3, 709
What are the prime factors of 2559?
3, 853
What are the prime factors of 1592?
2, 199
List the prime factors of 52174.
2, 19, 1373
List the prime factors of 31397.
31397
List the prime factors of 2044.
2, 7, 73
What are the prime factors of 570?
2, 3, 5, 19
What are the prime factors of 9696?
2, 3, 101
What are the prime factors of 48712?
2, 6089
List the prime factors of 5127.
3, 1709
What are the prime factors of 4804?
2, 1201
List the prime factors of 4043.
13, 311
List the prime factors of 29031.
3, 9677
List the prime factors of 19946.
2, 9973
What are the prime factors of 16709?
7, 11, 31
What are the prime factors of 38687?
11, 3517
What are the prime factors of 1705?
5, 11, 31
What are the prime factors of 470?
2, 5, 47
List the prime factors of 432.
2, 3
What are the prime factors of 3297?
3, 7, 157
What are the prime factors of 12301?
12301
What are the prime factors of 1573?
11, 13
List the prime factors of 10439.
11, 13, 73
What are the prime factors of 8598?
2, 3, 1433
List the prime factors of 46039.
7, 6577
What are the prime factors of 2718?
2, 3, 151
What are the prime factors of 39324?
2, 3, 29, 113
What are the prime factors of 17817?
3, 5939
What are the prime factors of 139?
139
What are the prime factors of 41460?
2, 3, 5, 691
What are the prime factors of 1125?
3, 5
What are the prime factors of 4903?
4903
What are the prime factors of 451?
11, 41
List the prime factors of 1574.
2, 787
What are the prime factors of 40537?
7, 5791
What are the prime factors of 4645?
5, 929
What are the prime factors of 1365?
3, 5, 7, 13
List the prime factors of 6524.
2, 7, 233
List the prime factors of 12389.
13, 953
What are the prime factors of 21629?
43, 503
What are the prime factors of 4526?
2, 31, 73
List the prime factors of 33405.
3, 5, 17, 131
List the prime factors of 1630.
2, 5, 163
What are the prime factors of 1196?
2, 13, 23
What are the prime factors of 4729?
4729
What are the prime factors of 119?
7, 17
List the prime factors of 1230.
2, 3, 5, 41
List the prime factors of 2232.
2, 3, 31
List the prime factors of 110418.
2, 3, 7, 11, 239
What are the prime factors of 10717?
7, 1531
What are the prime factors of 970?
2, 5, 97
What are the prime factors of 446?
2, 223
What are the prime factors of 2174?
2, 1087
List the prime factors of 664.
2, 83
What are the prime factors of 26330?
2, 5, 2633
List the prime factors of 5390.
2, 5, 7, 11
What are the prime factors of 37834?
2, 18917
What are the prime factors of 126494?
2, 63247
List the prime factors of 47579.
7, 971
What are the prime factors of 3326?
2, 1663
List the prime factors of 2153.
2153
What are the prime factors of 9853?
59, 167
What are the prime factors of 1669?
1669
List the prime factors of 5140.
2, 5, 257
What are the prime factors of 6576?
2, 3, 137
What are the prime factors of 9271?
73, 127
List the prime factors of 5960.
2, 5, 149
What are the prime factors of 1599?
3, 13, 41
What are the prime factors of 1013?
1013
List the prime factors of 12489.
3, 23, 181
What are the prime factors of 29283?
3, 43, 227
What are the prime factors of 220?
2, 5, 11
List the prime factors of 414.
2, 3, 23
List the prime factors of 4193.
7, 599
List the prime factors of 32742.
2, 3, 17, 107
List the prime factors of 2248.
2, 281
What are the prime factors of 1396?
2, 349
What are the prime factors of 1292?
2, 17, 19
What are the prime factors of 2267?
2267
List the prime factors of 9801.
3, 11
What are the prime factors of 873?
3, 97
What are the prime factors of 185643?
3, 20627
List the prime factors of 1119.
3, 373
List the prime factors of 6673.
6673
List the prime factors of 58907.
58907
What are the prime factors of 33425?
5, 7, 191
What are the prime factors of 17?
17
List the prime factors of 19536.
2, 3, 11, 37
List the prime factors of 19252.
2, 4813
List the prime factors of 42028.
2, 7, 19, 79
List the prime factors of 30576.
2, 3, 7, 13
What are the prime factors of 4872?
2, 3, 7, 29
What are the prime factors of 32516?
2, 11, 739
List the prime factors of 857.
857
What are the prime factors of 24566?
2, 71, 173
What are the prime factors of 1108?
2, 277
List the prime factors of 1568.
2, 7
List the prime factors of 66672.
2, 3, 463
List the prime factors of 4824.
2, 3, 67
List the prime factors of 1833.
3, 13, 47
What are the prime factors of 865?
5, 173
What are the prime factors of 67341?
3, 22447
List the prime factors of 933.
3, 311
List the prime factors of 127450.
2, 5, 2549
What are the prime factors of 93702?
2, 3, 7, 23, 97
List the prime factors of 748.
2, 11, 17
List the prime factors of 10001.
73, 137
List the prime factors of 9680.
2, 5, 11
List the prime factors of 168949.
11, 15359
What are the prime factors of 23903?
11, 41, 53
What are the prime factors of 85000?
2, 5, 17
What are the prime factors of 38404?
2, 9601
What are the prime factors of 119478?
2, 3, 19913
List the prime factors of 26177.
26177
List the prime factors of 171115.
5, 7, 4889
List the prime factors of 581.
7, 83
What are the prime factors of 821?
821
List the prime factors of 3081.
3, 13, 79
What are the prime factors of 112754?
2, 56377
List the prime factors of 6678.
2, 3, 7, 53
What are the prime factors of 85784?
2, 10723
What are the prime factors of 214?
2, 107
List the prime factors of 3385.
5, 677
What are the prime factors of 294?
2, 3, 7
List the prime factors of 45374.
2, 7, 463
What are the prime factors of 36192?
2, 3, 13, 29
List the prime factors of 649.
11, 59
List the prime factors of 1667.
1667
What are the prime factors of 4077?
3, 151
List the prime factors of 382.
2, 191
List the prime factors of 21927.
3, 7309
What are the prime factors of 251?
251
List the prime factors of 8130.
2, 3, 5, 271
List the prime factors of 4838.
2, 41, 59
List the prime factors of 6097.
7, 13, 67
List the prime factors of 1503.
3, 167
What are the prime factors of 877?
877
List the prime factors of 51440.
2, 5, 643
What are the prime factors of 17510?
2, 5, 17, 103
List the prime factors of 511.
7, 73
List the prime factors of 44892.
2, 3, 29, 43
What are the prime factors of 3288?
2, 3, 137
What are the prime factors of 86181?
3, 23, 1249
List the prime factors of 44212.
2, 7, 1579
List the prime factors of 475.
5, 19
List the prime factors of 2820.
2, 3, 5, 47
List the prime factors of 88763.
37, 2399
List the prime factors of 46029.
3, 67, 229
What are the prime factors of 1952?
2, 61
List the prime factors of 65756.
2, 17, 967
List the prime factors of 5866.
2, 7, 419
List the prime factors of 3821.
3821
What are the prime factors of 2063?
2063
List the prime factors of 21630.
2, 3, 5, 7, 103
What are the prime factors of 15216?
2, 3, 317
List the prime factors of 2192.
2, 137
What are the prime factors of 113?
113
What are the prime factors of 8820?
2, 3, 5, 7
What are the prime factors of 375?
3, 5
List the prime factors of 721.
7, 103
List the prime factors o